 + 3172. What is the tens digit of f?
4
Let r(n) = -4*n**2 - 5*n + 27. Let m be r(7). Let k = -87 - m. What is the tens digit of k?
1
Let f be (168/(-15))/(10/(-25)). Let o = f + -13. What is the units digit of o?
5
Suppose -4*i = 2*l - 736, 3*i - 4*i + 189 = 3*l. What is the tens digit of i?
8
Let j(n) = -2*n + 8. Let s be j(6). Let f(q) = -q**2 - q + 12. Let d be f(s). Suppose d*i - i + 4*z + 5 = 0, -z - 17 = -i. What is the tens digit of i?
2
Let q(u) = -102*u + 1. Let p(j) = -4*j + 27. Let b be p(7). What is the units digit of q(b)?
3
Let x(v) = -v**2 - 2*v + 2. Suppose 2 = u - 2*u. Let g be x(u). Suppose q - 103 = -2*s, -g*s - 18 = -4*q - 106. What is the units digit of s?
0
Let c be -2 + (-21)/9*-3. Suppose -o = 3*u - 11 - 3, -c*o = 5. What is the units digit of u?
5
Suppose z + 0*z - 62 = 0. Suppose 5*c = 7*c - z. What is the tens digit of c?
3
Let m = 111 - -275. What is the hundreds digit of m?
3
Let f(r) = -2*r**2 - 4*r + 1. Let b(z) = -z**2 - z. Let a(u) = -6*b(u) + f(u). Suppose -4*c - 4*s + 3 = c, 5*c = 3*s - 11. What is the units digit of a(c)?
3
Let w(n) = n**2 - 5*n - 7. Let s be w(6). Let h(u) = 24*u**2 - 2*u - 1. Let l be h(s). Let v = l + -15. What is the units digit of v?
0
Let b be 246/21 + (-4)/(-14). Suppose 13*r = b*r + 129. What is the units digit of r?
9
Let w(h) = 50*h**3 - 3*h**2 - 9*h + 22. What is the units digit of w(3)?
8
Suppose -5*u + 15 = -5*f, -5*u + 0*u = 2*f - 29. Suppose 2*x + 731 = 3*q, -u*q + 1219 = -7*x + 3*x. What is the units digit of q?
3
Let q = 31 - 22. Suppose d = q*d. Suppose d = 5*b - 211 - 149. What is the units digit of b?
2
Let l(x) = 4*x + x**3 + 4*x**3 - 3*x**3 - 2*x**2 - 6*x**3 + 3. Let d be l(-3). Let i = -42 + d. What is the tens digit of i?
3
Let p(j) = 194*j**2 - 8*j - 7. What is the units digit of p(-2)?
5
Let c(x) = -14*x + 16. Let b be c(-10). Let k = b + -72. What is the units digit of k?
4
Suppose -2775 = -5*u - 5*k, 0 = -5*k + 6*k + 3. Suppose -3*y + u = -3*n, -2*n + 0 = -6. What is the hundreds digit of y?
1
Let c be -6 + 14 - 4/1. Suppose b - c*b = -v + 304, b = v - 300. What is the units digit of v?
8
Let c = 22 + -26. Let t = -3 - c. Let m(a) = 8*a - 1. What is the units digit of m(t)?
7
Let d(c) = 19*c + 116. What is the units digit of d(28)?
8
Suppose 7346 = 3*b + 3*a - a, 2*a + 10 = 0. What is the thousands digit of b?
2
Suppose -j + 3*o - 7*o = 19, 17 = -3*j - 4*o. Suppose -t + j = -1. Suppose -t*h = 2*h - 28. What is the units digit of h?
7
Suppose -19 = 6*n + 107. Let f(m) = -m**2 - 26*m + 23. What is the units digit of f(n)?
8
Suppose r + 4*y = y + 394, 0 = -3*y + 15. Suppose -5*s = 2*j + 72 - r, 0 = -2*j - 3*s + 317. What is the hundreds digit of j?
1
Suppose -175*p + 15 = -170*p. Suppose -183 = -2*a + 77. Suppose 2*g = -p*o + 124, 0 = -3*o + 6*g - 2*g + a. What is the tens digit of o?
4
Suppose 635 = 7*n + 173. Let a = 11 + n. What is the units digit of a?
7
Let x = -386 + 680. What is the tens digit of x + (-11)/((-22)/(-8))?
9
Let g(y) = y**3 + 5*y**2 - 4*y - 7. Let d(r) = r**2 - 5*r + 4. Let h be d(5). Let a = -9 + h. What is the tens digit of g(a)?
1
Let y be 8/(-24)*(-291 - 0). Suppose f = 4*g - y + 280, 9 = 3*f. Let h = 66 + g. What is the tens digit of h?
2
Let w(r) = 3*r**3 + 8*r - 235. Let b(q) = 4*q**3 + 9*q - 235. Let f(a) = 4*b(a) - 5*w(a). What is the units digit of f(0)?
5
Let h be 0 + (1*(-4 + 3))/(-1). Let w = 115 + h. What is the hundreds digit of w?
1
What is the thousands digit of ((-4)/(-6))/(((-240)/50004)/(-10))?
1
Let g = -397 - -386. Let d(w) = -5*w - 5. Let p be d(-5). Let q = g + p. What is the units digit of q?
9
Let s = 37 - 11. Suppose -3*u + 70 + s = 0. What is the units digit of u?
2
Suppose 52*g - 41*g - 836 = 0. What is the units digit of g?
6
Let q(u) = -2*u**3 - 10*u**2 + u + 1. What is the tens digit of q(-11)?
4
What is the tens digit of (1550 - -1) + (179 - 174)?
5
Suppose 0 = -5*b - 5*q - 990, -304 = 3*b - 3*q + 302. Let x = b - -370. Let f = x + -97. What is the tens digit of f?
7
Let v be 1 - (1 - 5)/1. Let c(q) = 11*q + 2. Let u be c(v). Suppose i - u = -4*s, 239 = 5*i - 2*s - 134. What is the tens digit of i?
7
Let p = 101 - 102. Let q(n) = 26*n + 2. Let o(k) = 13*k + 1. Let i(d) = -14*o(d) + 6*q(d). What is the units digit of i(p)?
4
Let c = 31 + -53. Let r(u) = -2*u - 51. Let p be r(0). Let a = c - p. What is the tens digit of a?
2
Let u = 36 - -14. Suppose 142 = d - u. What is the hundreds digit of d?
1
Let m = -63 + 88. Suppose t = -4*z + 3*t + 110, -z + 3*t + m = 0. What is the tens digit of z?
2
Let d(f) = 39*f - 11 - 1 + 0 - 1. What is the units digit of d(4)?
3
Let b(h) = h**3 + 7*h**2 + 22*h - 79. What is the hundreds digit of b(6)?
5
Let o = -121 + 195. What is the units digit of o?
4
Let c(v) = -v**3 - v**2 + v + 3. Let o be c(-1). Suppose -2*t + 163 = 3*u, -2*t - 3*u + 173 = -o*u. What is the units digit of t?
9
Let w = -179 + 60. Let i = 230 + w. What is the hundreds digit of i?
1
Let u(m) be the first derivative of -9*m**2/2 - 14*m - 5. Let r be u(-11). Suppose -j - 4*j = -r. What is the tens digit of j?
1
Suppose -15*o + 10*o + 495 = 0. Let t = o + -71. What is the tens digit of t?
2
Suppose 6*f + 198 - 18 = 0. What is the tens digit of 0 - (-3 + f - 0)?
3
Let c(a) = 99*a + 22. Let w be c(6). Suppose -142 = 3*x - w. What is the tens digit of x?
5
What is the tens digit of 24/(-6) - -601 - (2 + -1)?
9
Let a be (-6 + -8)/(-2 + 1). Let m(v) = -v**3 + 15*v**2 - 11*v - 4. What is the tens digit of m(a)?
3
Let u = 22 - -19. Let t = -15 + u. What is the tens digit of t?
2
Let t be 1/(-1 + 3)*4. Suppose 2*f - 6 = -t*b, 5*f = 2*b + 2 - 8. Suppose -5*w - 49 = -3*k - w, f = -2*k + w + 41. What is the tens digit of k?
2
Let k = 35 + 13. Suppose 34 + 0 = -o. Let i = o + k. What is the units digit of i?
4
Let i(q) = 274*q + 163. What is the thousands digit of i(7)?
2
Suppose 4*r - 5*n - 1210 = 826, 2545 = 5*r - 4*n. What is the hundreds digit of r?
5
Let d = -658 - -1294. What is the tens digit of d?
3
Let s be -21*(-4 - -3 - 0). Let j be -2 - (-7)/(s/9). Let c(y) = 45*y**3 - y + 1. What is the units digit of c(j)?
5
Suppose 3*p - l + 84 = 4*p, 0 = 4*p + 5*l - 334. Let v = 3 + 3. Suppose -v*f + 4*f + p = 0. What is the tens digit of f?
4
Let i = -87 + 86. What is the hundreds digit of i - (5 - 4)*-241?
2
Suppose x = -32*m + 34*m - 5792, 0 = -m - 4*x + 2896. What is the hundreds digit of m?
8
Let z(v) = 24*v - 24. Let u = -66 + 77. What is the tens digit of z(u)?
4
Let z = -2 + -9. Let i(p) = 13*p + 38. Let g(c) = -9*c - 25. Let b(w) = -7*g(w) - 5*i(w). What is the units digit of b(z)?
7
Let d(u) = -u**3 + u**2 + 16*u + 3352. What is the units digit of d(0)?
2
Suppose 6*k + 145 = 37. Let i(q) = -q**3 - 17*q**2 + 9*q. What is the tens digit of i(k)?
6
Let i(m) = 5*m**2. Suppose 10 = -2*x + 7*x. Let u be i(x). Suppose -9 = l - u. What is the units digit of l?
1
Let r = -19 - -17. Let a be (-9 + 0)*r/3. Suppose a*u - 280 = u. What is the units digit of u?
6
Let p be 69*((-8)/(-6) + 1). Let v = p - 93. What is the tens digit of v?
6
Suppose 0 = -2*b - 2, 2*b = 4*n - 4141 - 4213. What is the hundreds digit of n?
0
Let u(r) = r**2 + 10*r + 13. Suppose 0 = 3*q - v - 1 + 21, 24 = -2*q - 2*v. Let c be u(q). What is the tens digit of c*(-2)/(8/44)?
3
Suppose -5*p + 34 = 4*z + 13, -3*p - 4*z = -19. What is the units digit of 61 - 1*p/(-2)*2?
2
Suppose 496*u + 25806 = 513*u. What is the hundreds digit of u?
5
Let h be (0/(-2))/(1 + 0). Suppose -3*j = t - h*t - 3, 2*t - 6 = 2*j. Suppose -3*c = 5*u - 118, t*c + u - 106 = 2*u. What is the tens digit of c?
3
Suppose 2*z = -2 + 20. Suppose 5*c - 20 = 5*t, -t + z = 5*c - 17. Let m(v) = 2*v - 4. What is the units digit of m(c)?
6
Suppose -3*x + 30 - 1 = 5*n, 0 = 5*n + 2*x - 26. Suppose 0*g - 4*g + n = 0. Let s(z) = 12*z + 1. What is the tens digit of s(g)?
1
Suppose -143*q + 152*q = 3600. What is the tens digit of q?
0
Let p(o) = o**3 - 4*o**2 - 11*o - 4. Let l be p(6). Suppose 2*z - 74 = 4*x, x - 4*x + 67 = l*z. What is the units digit of z?
5
Suppose 81 = -w - 3*i, 3*w - 75 = 5*i - 276. Let r(p) = 2*p**2 - 20*p - 37. Let v be r(10). Let l = v - w. What is the tens digit of l?
3
Let y(t) = -t**2 + 14*t + 810. What is the hundreds digit of y(0)?
8
Suppose 5*u - k = 5771, -5*u = -u + 3*k 